Let p(n) = -35*n + 381. What is p(12)?
-39
Let u(f) = -f**2 + 662*f + 1984. Determine u(-3).
-11
Let h(k) = 2*k**2 + 94*k - 346. Give h(-50).
-46
Let p(u) = u**3 - 15*u**2 - 8*u + 68. What is p(7)?
-380
Let b(g) = 1103*g + 30874. Determine b(-28).
-10
Let z(n) = -80*n - 587. What is z(-8)?
53
Let d(f) = f**3 + 23*f**2 - 77*f - 9. Determine d(-26).
-35
Let d(x) = 4*x**2 + 14*x - 396. Calculate d(-12).
12
Let d(m) = -27*m - 277. Determine d(-11).
20
Let y(u) = -386*u - 22. Give y(2).
-794
Let v(u) = -360*u - 4656. Determine v(-13).
24
Let x(m) = m**3 - 85*m**2 + 1575*m - 249. Calculate x(27).
-6
Let g(t) = 2*t**2 - 559*t + 25855. What is g(221)?
-2
Let x(m) = -m**2 + 325*m + 29996. Give x(-75).
-4
Let o(f) = -5*f**2 + 134*f - 522. Determine o(22).
6
Let c(d) = -74*d**2 - 112*d - 14. Give c(-1).
24
Let o(x) = 2*x**3 - 90*x**2 - 102*x + 452. Determine o(46).
-8
Let w(l) = -4995*l - 4994. Determine w(-1).
1
Let h(w) = 3*w**3 + w**2 - w + 20. Give h(0).
20
Let c(j) = 6*j**3 - 107*j**2 - 22*j + 45. What is c(18)?
-27
Let w(h) = 10*h**2 - 58*h + 92. Calculate w(2).
16
Let h(j) = -2*j**3 + 334*j**2 + 10476*j + 9. Calculate h(194).
9
Let z(s) = -5*s**2 + 120*s - 26. Give z(24).
-26
Let k(l) = 12*l**2 - 35*l - 99. Determine k(-4).
233
Let a(u) = -u**3 + 29*u**2 - 61*u + 193. Determine a(27).
4
Let t(y) = -y**2 + 21*y + 1083. Give t(44).
71
Let y(h) = -2*h**3 - 262*h**2 + 1645*h + 148. Give y(-137).
11
Let g(c) = -3*c**3 - 153*c**2 + 4*c + 174. Determine g(-51).
-30
Let g(v) = 2*v**2 - 8*v - 116. Give g(12).
76
Let l(t) = t**3 + 5*t**2 - 16*t + 30. What is l(-7)?
44
Let a(m) = m**3 + 14*m**2 - 72*m - 1156. Calculate a(-12).
-4
Let z(o) = -o**3 - 37*o**2 + 9*o - 4. Calculate z(-37).
-337
Let m(t) = t**3 - 10*t**2 + 6*t + 73. Determine m(8).
-7
Let d(o) = o**3 + 55*o**2 - 301*o - 42. Calculate d(-60).
18
Let c(u) = u**3 + 19*u**2 - 73*u + 66. Give c(-23).
-371
Let d(g) = 224*g + 2240. Determine d(-10).
0
Let k(h) = h**2 + 129*h + 1401. Determine k(-12).
-3
Let c(p) = 1137*p + 7970. What is c(-7)?
11
Let r(b) = -b**3 + 14*b**2 + 51*b - 2. Determine r(-3).
-2
Let d(q) = q**3 - 6*q**2 + 9*q + 2. Calculate d(8).
202
Let h(j) = j**2 - 128*j + 3519. Give h(40).
-1
Let t(c) = 1418*c - 18417. What is t(13)?
17
Let p(y) = 3*y**2 - 72*y - 61. What is p(31)?
590
Let p(b) = -3*b**3 + 328*b**2 + 209*b + 1219. Calculate p(110).
9
Let r(s) = 779*s**2 - 9351*s + 20. What is r(12)?
-16
Let y(p) = -p**3 - 69*p**2 + 487*p + 19505. Give y(-72).
-7
Let q(s) = 177*s + 16. Determine q(-1).
-161
Let y(k) = -k**3 - 68*k**2 - 6*k - 409. Determine y(-68).
-1
Let c(f) = 3*f**3 - 33*f**2 - 23*f + 1. What is c(10)?
-529
Let y(b) = -b**2 - 31*b - 115. Calculate y(-27).
-7
Let r(b) = 10*b**3 + 13*b**2 + 14*b + 3. Calculate r(-1).
-8
Let u(p) = -p**3 + 539*p**2 - 4773*p + 29. Determine u(9).
2
Let o(m) = -m**2 - 13*m - 8. What is o(-8)?
32
Let n(l) = 12484*l - 24967. Determine n(2).
1
Let s(m) = m**3 - 9*m**2 + 3*m - 441. What is s(0)?
-441
Let b(c) = 10*c**2 + 246*c - 32. Give b(-25).
68
Let z(n) = -165*n - 992. What is z(-6)?
-2
Let f(o) = o**3 - 52*o**2 + 84*o + 767. Give f(50).
-33
Let n(i) = 88*i + 366. What is n(-4)?
14
Let i(s) = -13*s - 130. Determine i(-3).
-91
Let p(a) = 2084*a - 11. What is p(0)?
-11
Let c(n) = -8*n - 41. Give c(13).
-145
Let t(u) = -u**2 - 33*u - 132. Determine t(-5).
8
Let g(c) = c**3 + 8*c**2 + 20*c + 46. Give g(-6).
-2
Let c(u) = 34*u**2 + u. Give c(3).
309
Let d(w) = w**2 - 38*w + 282. Calculate d(28).
2
Let u(o) = 147*o - 13678. Calculate u(93).
-7
Let g(l) = -3*l**2 - 68*l - 30. Calculate g(-22).
14
Let l(t) = t**2 - 16*t - 213. What is l(25)?
12
Let w(y) = -y**3 - 10*y**2 + 26*y + 294. Give w(-6).
-6
Let m(b) = 124*b + 1856. Determine m(-15).
-4
Let u(q) = 1377*q + 8248. Determine u(-6).
-14
Let k(u) = -2*u**2 - 29*u + 228. Calculate k(6).
-18
Let n(x) = 28*x - 446. Give n(15).
-26
Let g(c) = 195*c + 25. Determine g(-1).
-170
Let o(j) = -6*j + 328. Give o(47).
46
Let x(v) = -v**2 - 108*v - 2692. Calculate x(-70).
-32
Let y(w) = 2*w**2 + 33*w - 157. Calculate y(-17).
-140
Let c(k) = -k**2 - 2290*k - 20535. Give c(-9).
-6
Let w(d) = 4869*d + 4862. What is w(-1)?
-7
Let z(j) = 19*j**2 - 15*j + 26. Give z(2).
72
Let k(b) = b**3 - 8*b**2 - 19*b - 6. Determine k(10).
4
Let y(p) = 7*p**2 - p - 58. Give y(0).
-58
Let v(l) = -l**2 + 87*l - 624. Give v(7).
-64
Let v(x) = 183*x + 137. What is v(-1)?
-46
Let f(q) = q**2 - 475*q + 1891. What is f(4)?
7
Let r(f) = f**3 - 45*f**2 + 325*f - 37. What is r(36)?
-1
Let j(f) = -f**3 - 11*f**2 + 76*f - 111. What is j(3)?
-9
Let t(q) = -q**3 - 4*q**2 + 4*q - 25. What is t(-5)?
-20
Let a(y) = y**3 + 11*y**2 + 5*y - 6. What is a(-6)?
144
Let c(t) = -21*t**3 + 4*t**2 + t - 5. Determine c(-1).
19
Let t(s) = -s**3 - 35*s**2 - 302*s - 20. What is t(-20)?
20
Let h(a) = -a**3 - 107*a**2 - 315*a - 3. Determine h(-3).
6
Let a(q) = -46*q - 133. Calculate a(-3).
5
Let b(r) = 3*r**2 - 641*r - 1520. Calculate b(216).
-8
Let p(s) = -26*s - 430. Calculate p(-13).
-92
Let z(r) = r**3 + 18*r**2 - 592*r - 70. Give z(17).
-19
Let q(i) = 2*i**2 - 415*i + 1841. Calculate q(203).
14
Let b(p) = -p**3 + 32*p**2 + 30*p + 3. Give b(33).
-96
Let h(k) = -k**3 + 58*k**2 - 69*k + 217. What is h(57)?
-467
Let f(p) = -p**2 - 2*p + 245. Determine f(-16).
21
Let c(g) = -143*g + 2728. Calculate c(19).
11
Let h(c) = -2*c**2 + 165*c - 2221. Determine h(17).
6
Let r(g) = -2*g**3 - 20*g**2 - 2*g + 13. Determine r(-10).
33
Let i(h) = -2*h**3 + 3*h**2 - 8*h + 17. Give i(3).
-34
Let j(z) = -234*z - 5573. Determine j(-24).
43
Let n(x) = 13*x**3 - 92*x**2 - 23*x + 218. Calculate n(7).
8
Let j(y) = -4*y**3 + 33*y**2 + 6*y + 1. Calculate j(9).
-188
Let r(i) = i**3 + 28*i**2 + 20*i - 183. Determine r(-27).
6
Let m(g) = -43*g - 689. Calculate m(-19).
128
Let h(k) = 412*k**3 - 4*k**2 - k + 3. Determine h(-1).
-412
Let g(v) = -159*v - 139. What is g(-1)?
20
Let r(g) = g**2 - 118*g - 2144. Determine r(-16).
0
Let c(j) = -8*j**3 + 26*j**2 - 31*j + 4. Give c(1).
-9
Let a(o) = o**3 - 15*o**2 + 19*o + 21. Calculate a(13).
-70
Let s(n) = 15*n - 10. What is s(-9)?
-145
Let v(m) = -m**3 + 22*m**2 - 40*m + 31. Determine v(20).
31
Let j(m) = -2*m - 158. What is j(-74)?
-10
Let m(d) = 5*d**3 + 15*d**2 - 140*d + 9. Give m(-7).
9
Let v(y) = y**3 - 8*y**2 - 25*y + 14. Determine v(10).
-36
Let j(u) = -1500*u + 9056. Calculate j(6).
56
Let v(f) = -4*f**3 + 31*f**2 - 7*f + 8. Calculate v(7).
106
Let c(h) = -6*h**2 - 43*h + 10. Determine c(-10).
-160
Let p(b) = -3*b**3 + 69*b**2 - 59*b - 151. Calculate p(22).
3
Let x(g) = 2*g**3 + 5*g**2 + 11*g + 5. What is x(-1)?
-3
Let a(c) = 14*c + 298. What is a(-20)?
18
Let s(x) = -x**2 - 2290*x - 25084. What is s(-11)?
-15
Let v(c) = -31*c + 302. Calculate v(9).
23
Let p(h) = h - 174. Calculate p(0).
-174
Let c(b) = 6*b**2 - 41*b + 19. Give c(7).
26
Let l(u) = -8*u + 30. What is l(-7)?
86
Let c(u) = 2*u**3 + 14*u**2 + 34*u + 635. Calculate c(-9).
5
Let i(k) = k**3 - 115*k**2 + 122*k - 1030. What is i(114)?
-118
Let z(i) = -2*i + 42. Determine z(23).
-4
Let y(g) = -g**3 + 7*g**2 + 20*g - 61. Calculate y(11).
-325
Let s(i) = -74*i + 1423. What is s(19)?
17
Let u(p) = -7*p**2 - 158*p - 47. Calculate u(-22).
41
Let g(h) = -7*h - 478. Determine g(-74).
40
Let v(l) = l**3 + 46*l**2 + 32*l + 45. Determine v(-45).
630
Let v(d) = -2*d**3 - 35*d**2 + 24*d + 83. Calculate v(-18).
-25
Let a(g) = g**3 - 46*g**2 + 158*g + 82. What is a(42)?
-338
Let n(d) = -3*d**2 - 77*d + 94. Calculate n(-27).
-14
Let v(w) = -3*w**2 - 63*w + 256. Determine v(-24).
40
Let a(l) = l**3 + 2*l**2 - 12*l + 51. Give a(-6).
-21
Let q(g) = -g**2 + 33*g - 40. Calculate q(31).
22
Let h(q) = 2*q**3 - 49*q**2 + 132*q - 3940. Determine h(25).
-15
Let o(b) = -2*b**3 - 34*b**2 - 22*b + 170. Give o(-16).
10
Let r(l) = -32*l**3 + 1696*l**2 + l - 59. Determine r(53).
-6
Let i(v) = 4*v**2 - 55*v - 154. Calculate i(13).
-193
Let o(s) = -7*s**3 + 3*s**2 + 10*s - 18. Calculate o(2).
-42
Let i(n) = n**2 + 11*n + 18. Give i(-14).
60
Let u(j) = j**3 + 12*j**2 + 28*j + 16. Calculate u(-8).
48
Let f(a) = 85*a - 100. What is f(5)?
325
Let w(p) = -16*p - 1215. Give w(-76).
1
Let j(t) = 2*t**3 - 70*t**2 - 373*t + 9. Calculate j(-5).
-126
Let t(y) = -y**3 + 5*y**2 + 130*y + 31. Calculate t(-9).
-5
Let l(f) = -